{"id":47,"date":"2025-09-17T09:17:53","date_gmt":"2025-09-17T09:17:53","guid":{"rendered":"https:\/\/amazing-fermat.194-56-190-71.plesk.page\/?page_id=47"},"modified":"2026-02-25T09:16:05","modified_gmt":"2026-02-25T09:16:05","slug":"startseite","status":"publish","type":"page","link":"https:\/\/hebammejana-salzburg.at\/","title":{"rendered":"Willkommen!"},"content":{"rendered":"\n<div class=\"wp-block-media-text has-media-on-the-right is-stacked-on-mobile\" id=\"willkommen\"><div class=\"wp-block-media-text__content\">\n<div style=\"height:40px\" aria-hidden=\"true\" class=\"wp-block-spacer\"><\/div>\n\n\n\n<h1 class=\"wp-block-heading\">Willkomen!<\/h1>\n\n\n\n<p>Mein Name ist Jana Jenny und ich bin Wahlhebamme in Salzburg.&nbsp;<\/p>\n\n\n\n<p>Es ist mir ein besonderes Anliegen, euch w\u00e4hrend der Schwangerschaft und im Wochenbett in euren eigenen F\u00e4higkeiten durch Ruhe und fachliche Unterst\u00fctzung zu st\u00e4rken.&nbsp;<\/p>\n\n\n\n<p>Ich w\u00fcrde mich sehr freuen, euch in diesem besonderen Lebensabschnitt begleiten zu d\u00fcrfen.&nbsp;<\/p>\n\n\n\n<h4 class=\"wp-block-heading\">Kosten<\/h4>\n\n\n\n<p>Ich bin als Wahlhebamme t\u00e4tig, das hei\u00dft, dass ich keinen Vertrag mit der Krankenkasse habe. Wenn du eine private Zusatzversicherung hast, kl\u00e4re bitte mit deiner Versicherung, welche Hebammenleistungen \u00fcbernommen werden.&nbsp;<\/p>\n\n\n\n<h4 class=\"wp-block-heading\">Kontakt<\/h4>\n\n\n\n<p>+43&nbsp;670&nbsp;194 5220<\/p>\n\n\n\n<p><a href=\"mailto:office@hebammejana-salzburg.at\">office@hebammejana-salzburg.at<\/a><\/p>\n<\/div><figure class=\"wp-block-media-text__media\"><img loading=\"lazy\" decoding=\"async\" width=\"754\" height=\"940\" src=\"https:\/\/hebammejana-salzburg.at\/wp-content\/uploads\/2025\/09\/jana-portrait-1.jpg\" alt=\"\" class=\"wp-image-103 size-full\" srcset=\"https:\/\/hebammejana-salzburg.at\/wp-content\/uploads\/2025\/09\/jana-portrait-1.jpg 754w, https:\/\/hebammejana-salzburg.at\/wp-content\/uploads\/2025\/09\/jana-portrait-1-241x300.jpg 241w\" sizes=\"auto, (max-width: 754px) 100vw, 754px\" \/><\/figure><\/div>\n\n\n\n<div style=\"height:31px\" aria-hidden=\"true\" class=\"wp-block-spacer\"><\/div>\n\n\n\n<p class=\"has-text-align-center\"><strong>F\u00dcR \u00d6STERREICH:<\/strong><\/p>\n\n\n<div class=\"wp-block-image is-style-rounded\">\n<figure class=\"aligncenter is-resized\"><a href=\"https:\/\/jennyjanainessa.hebamio.at\/anmeldung\" target=\"_blank\" rel=\" noreferrer noopener\"><img loading=\"lazy\" decoding=\"async\" width=\"883\" height=\"140\" src=\"https:\/\/hebammejana-salzburg.at\/wp-content\/uploads\/2025\/09\/terminvereinbarung.png\" alt=\"Terminvereinbarung\" class=\"wp-image-131\" style=\"width:317px;height:auto\" srcset=\"https:\/\/hebammejana-salzburg.at\/wp-content\/uploads\/2025\/09\/terminvereinbarung.png 883w, https:\/\/hebammejana-salzburg.at\/wp-content\/uploads\/2025\/09\/terminvereinbarung-300x48.png 300w, https:\/\/hebammejana-salzburg.at\/wp-content\/uploads\/2025\/09\/terminvereinbarung-768x122.png 768w\" sizes=\"auto, (max-width: 883px) 100vw, 883px\" \/><\/a><figcaption class=\"wp-element-caption\">Hier kannst du einen Termin mit mir online buchen.<\/figcaption><\/figure>\n<\/div>\n\n\n<p class=\"has-text-align-center\"><strong>F\u00dcR DEUTSCHLAND:<\/strong><\/p>\n\n\n<div class=\"wp-block-image is-style-rounded\">\n<figure class=\"aligncenter is-resized\"><a href=\"https:\/\/jenny.hebamio.de\/anmeldung\" target=\"_blank\" rel=\" noreferrer noopener\"><img loading=\"lazy\" decoding=\"async\" width=\"883\" height=\"140\" src=\"https:\/\/hebammejana-salzburg.at\/wp-content\/uploads\/2025\/09\/terminvereinbarung.png\" alt=\"Terminvereinbarung\" class=\"wp-image-131\" style=\"width:317px;height:auto\" srcset=\"https:\/\/hebammejana-salzburg.at\/wp-content\/uploads\/2025\/09\/terminvereinbarung.png 883w, https:\/\/hebammejana-salzburg.at\/wp-content\/uploads\/2025\/09\/terminvereinbarung-300x48.png 300w, https:\/\/hebammejana-salzburg.at\/wp-content\/uploads\/2025\/09\/terminvereinbarung-768x122.png 768w\" sizes=\"auto, (max-width: 883px) 100vw, 883px\" \/><\/a><figcaption class=\"wp-element-caption\">Hier kannst du einen Termin mit mir online buchen.<\/figcaption><\/figure>\n<\/div>\n\n\n<div class=\"btt\">\n\t\t\t\t\t\t<a class=\"back-to-top\" href=\"#page\" title=\"Zur\u00fcck nach oben\"><i class=\"fa fa-angle-double-up fa-3x wow flash\" data-wow-duration=\"2s\"><\/i><\/a>\n\t\t\t\t\t<\/div>\n\n\n\n<figure class=\"wp-block-image alignfull size-full ticss-50d81418 is-style-default\" id=\"LEISTUNGEN\"><img loading=\"lazy\" decoding=\"async\" width=\"1600\" height=\"200\" src=\"https:\/\/hebammejana-salzburg.at\/wp-content\/uploads\/2025\/09\/jana-trenner.png\" alt=\"\" class=\"wp-image-95\" srcset=\"https:\/\/hebammejana-salzburg.at\/wp-content\/uploads\/2025\/09\/jana-trenner.png 1600w, https:\/\/hebammejana-salzburg.at\/wp-content\/uploads\/2025\/09\/jana-trenner-300x38.png 300w, https:\/\/hebammejana-salzburg.at\/wp-content\/uploads\/2025\/09\/jana-trenner-1024x128.png 1024w, https:\/\/hebammejana-salzburg.at\/wp-content\/uploads\/2025\/09\/jana-trenner-768x96.png 768w, https:\/\/hebammejana-salzburg.at\/wp-content\/uploads\/2025\/09\/jana-trenner-1536x192.png 1536w\" sizes=\"auto, (max-width: 1600px) 100vw, 1600px\" \/><\/figure>\n\n\n\n<h1 class=\"wp-block-heading\" id=\"leistungen\">Leistungen<\/h1>\n\n\n\n<div class=\"wp-block-media-text is-stacked-on-mobile\"><figure class=\"wp-block-media-text__media\"><img loading=\"lazy\" decoding=\"async\" width=\"1024\" height=\"707\" src=\"https:\/\/hebammejana-salzburg.at\/wp-content\/uploads\/2025\/10\/Mutter-Kind-Pass-Gespraech_DEF-1024x707.png\" alt=\"\" class=\"wp-image-193 size-full\" srcset=\"https:\/\/hebammejana-salzburg.at\/wp-content\/uploads\/2025\/10\/Mutter-Kind-Pass-Gespraech_DEF-1024x707.png 1024w, https:\/\/hebammejana-salzburg.at\/wp-content\/uploads\/2025\/10\/Mutter-Kind-Pass-Gespraech_DEF-300x207.png 300w, https:\/\/hebammejana-salzburg.at\/wp-content\/uploads\/2025\/10\/Mutter-Kind-Pass-Gespraech_DEF-768x530.png 768w, https:\/\/hebammejana-salzburg.at\/wp-content\/uploads\/2025\/10\/Mutter-Kind-Pass-Gespraech_DEF-1536x1061.png 1536w, https:\/\/hebammejana-salzburg.at\/wp-content\/uploads\/2025\/10\/Mutter-Kind-Pass-Gespraech_DEF.png 1890w\" sizes=\"auto, (max-width: 1024px) 100vw, 1024px\" \/><\/figure><div class=\"wp-block-media-text__content\">\n<h2 class=\"wp-block-heading\">Schwangerschaftsvorsorge<\/h2>\n\n\n\n<h3 class=\"wp-block-heading\">Eltern-Kind-Pass Gespr\u00e4ch (kostenlos)<\/h3>\n\n\n\n<p>Zwischen der 18. und 22. Schwangerschaftswoche nehme ich mir im Rahmen des Mutter-Kind-Pass Hebammengespr\u00e4chs\/Eltern-Kind-Pass-Gespr\u00e4chs gerne Zeit f\u00fcr euch. Dieses wird von der Krankenkasse kostenlos f\u00fcr euch zur Verf\u00fcgung gestellt. In einer vertrauensvollen und pers\u00f6nlichen Atmosph\u00e4re k\u00f6nnen Fragen zu Schwangerschaft, Geburt und der ersten Zeit mit dem Baby gekl\u00e4rt werden. Individuell setzen wir gemeinsam in diesem Gespr\u00e4ch Schwerpunkte um euch die bestm\u00f6gliche Betreuung w\u00e4hrend der Schwangerschaft zu gew\u00e4hrleisten.&nbsp;<\/p>\n\n\n\n<p><strong>Das Gespr\u00e4ch wird vollst\u00e4ndig von der Krankenkasse bezahlt.<\/strong><\/p>\n<\/div><\/div>\n\n\n\n<div style=\"height:53px\" aria-hidden=\"true\" class=\"wp-block-spacer\"><\/div>\n\n\n<div class=\"wp-block-image is-style-rounded\">\n<figure class=\"aligncenter is-resized\"><a href=\"https:\/\/jennyjanainessa.hebamio.at\/anmeldung\" target=\"_blank\" rel=\" noreferrer noopener\"><img loading=\"lazy\" decoding=\"async\" width=\"883\" height=\"140\" src=\"https:\/\/hebammejana-salzburg.at\/wp-content\/uploads\/2025\/09\/terminvereinbarung.png\" alt=\"Terminvereinbarung\" class=\"wp-image-131\" style=\"width:317px;height:auto\" srcset=\"https:\/\/hebammejana-salzburg.at\/wp-content\/uploads\/2025\/09\/terminvereinbarung.png 883w, https:\/\/hebammejana-salzburg.at\/wp-content\/uploads\/2025\/09\/terminvereinbarung-300x48.png 300w, https:\/\/hebammejana-salzburg.at\/wp-content\/uploads\/2025\/09\/terminvereinbarung-768x122.png 768w\" sizes=\"auto, (max-width: 883px) 100vw, 883px\" \/><\/a><figcaption class=\"wp-element-caption\">Hier kannst du einen Termin mit mir online buchen.<\/figcaption><\/figure>\n<\/div>\n\n\n<div style=\"height:50px\" aria-hidden=\"true\" class=\"wp-block-spacer\"><\/div>\n\n\n\n<div class=\"btt\">\n\t\t\t\t\t\t<a class=\"back-to-top\" href=\"#page\" title=\"Zur\u00fcck nach oben\"><i class=\"fa fa-angle-double-up fa-3x wow flash\" data-wow-duration=\"2s\"><\/i><\/a>\n\t\t\t\t\t<\/div>\n\n\n\n<figure class=\"wp-block-image alignfull size-full ticss-50d81418 is-style-default\" id=\"KURSE\"><img loading=\"lazy\" decoding=\"async\" width=\"1600\" height=\"200\" src=\"https:\/\/hebammejana-salzburg.at\/wp-content\/uploads\/2025\/09\/jana-trenner.png\" alt=\"\" class=\"wp-image-95\" srcset=\"https:\/\/hebammejana-salzburg.at\/wp-content\/uploads\/2025\/09\/jana-trenner.png 1600w, https:\/\/hebammejana-salzburg.at\/wp-content\/uploads\/2025\/09\/jana-trenner-300x38.png 300w, https:\/\/hebammejana-salzburg.at\/wp-content\/uploads\/2025\/09\/jana-trenner-1024x128.png 1024w, https:\/\/hebammejana-salzburg.at\/wp-content\/uploads\/2025\/09\/jana-trenner-768x96.png 768w, https:\/\/hebammejana-salzburg.at\/wp-content\/uploads\/2025\/09\/jana-trenner-1536x192.png 1536w\" sizes=\"auto, (max-width: 1600px) 100vw, 1600px\" \/><\/figure>\n\n\n\n<h1 class=\"wp-block-heading\">Kurse<\/h1>\n\n\n\n<div class=\"wp-block-media-text has-media-on-the-right is-stacked-on-mobile\"><div class=\"wp-block-media-text__content\">\n<h2 class=\"wp-block-heading\">Geburtsvorbereitung&nbsp;<\/h2>\n\n\n\n<h3 class=\"wp-block-heading\">Geburtsvorbereitungskurs, Abendkurs<\/h3>\n\n\n\n<p>In meinem Geburtsvorbereitungskurs tauchen wir f\u00fcr ein paar Stunden gemeinsam in das Thema ein. Zwischen Informationen und praktischen \u00dcbungen finden auch eure Fragen Platz.&nbsp;<\/p>\n\n\n\n<p>Inhalte des Kurses:<\/p>\n\n\n\n<ul class=\"wp-block-list\">\n<li>Informationen zu Geburtsphasen, Geburtsbeginn und Schmerzen<\/li>\n\n\n\n<li>Atem- und Entspannungstechniken<\/li>\n\n\n\n<li>K\u00f6rper\u00fcbungen&nbsp;<\/li>\n\n\n\n<li>Praktische Tipps: Wann sollen wir losfahren? Was m\u00fcssen wir mitnehmen?&nbsp;<\/li>\n\n\n\n<li>Die Rolle der Begleitpersonen: Wie kann ich unterst\u00fctzen?<\/li>\n\n\n\n<li>Wochenbett: Alltag, Erholung, Stillen<\/li>\n\n\n\n<li>Austausch in der Gruppe und Raum f\u00fcr Fragen<\/li>\n<\/ul>\n\n\n\n<p>Dauer: 3 x 2,5h&nbsp;<\/p>\n\n\n\n<p><strong>Kosten: 185 \u20ac pro Paar<\/strong><\/p>\n\n\n\n<p><strong>Termine und Buchung \u00fcber Hebamio<\/strong><\/p>\n<\/div><figure class=\"wp-block-media-text__media\"><img loading=\"lazy\" decoding=\"async\" width=\"1024\" height=\"790\" src=\"https:\/\/hebammejana-salzburg.at\/wp-content\/uploads\/2025\/10\/Geburtsvorbereitung_DEF-1024x790.png\" alt=\"\" class=\"wp-image-195 size-full\" srcset=\"https:\/\/hebammejana-salzburg.at\/wp-content\/uploads\/2025\/10\/Geburtsvorbereitung_DEF-1024x790.png 1024w, https:\/\/hebammejana-salzburg.at\/wp-content\/uploads\/2025\/10\/Geburtsvorbereitung_DEF-300x231.png 300w, https:\/\/hebammejana-salzburg.at\/wp-content\/uploads\/2025\/10\/Geburtsvorbereitung_DEF-768x592.png 768w, https:\/\/hebammejana-salzburg.at\/wp-content\/uploads\/2025\/10\/Geburtsvorbereitung_DEF.png 1485w\" sizes=\"auto, (max-width: 1024px) 100vw, 1024px\" \/><\/figure><\/div>\n\n\n\n<div style=\"height:50px\" aria-hidden=\"true\" class=\"wp-block-spacer\"><\/div>\n\n\n<div class=\"wp-block-image is-style-rounded\">\n<figure class=\"aligncenter is-resized\"><a href=\"https:\/\/jennyjanainessa.hebamio.at\/kursliste\" target=\"_blank\" rel=\" noreferrer noopener\"><img loading=\"lazy\" decoding=\"async\" width=\"883\" height=\"140\" src=\"https:\/\/hebammejana-salzburg.at\/wp-content\/uploads\/2025\/09\/terminvereinbarung.png\" alt=\"Terminvereinbarung\" class=\"wp-image-131\" style=\"width:317px;height:auto\" srcset=\"https:\/\/hebammejana-salzburg.at\/wp-content\/uploads\/2025\/09\/terminvereinbarung.png 883w, https:\/\/hebammejana-salzburg.at\/wp-content\/uploads\/2025\/09\/terminvereinbarung-300x48.png 300w, https:\/\/hebammejana-salzburg.at\/wp-content\/uploads\/2025\/09\/terminvereinbarung-768x122.png 768w\" sizes=\"auto, (max-width: 883px) 100vw, 883px\" \/><\/a><figcaption class=\"wp-element-caption\">Hier kannst du einen Termin mit mir online buchen.<\/figcaption><\/figure>\n<\/div>\n\n\n<div style=\"height:57px\" aria-hidden=\"true\" class=\"wp-block-spacer\"><\/div>\n\n\n\n<div class=\"wp-block-media-text is-stacked-on-mobile\"><figure class=\"wp-block-media-text__media\"><img loading=\"lazy\" decoding=\"async\" width=\"1024\" height=\"790\" src=\"https:\/\/hebammejana-salzburg.at\/wp-content\/uploads\/2025\/10\/Geburtsvorbereitung2_DEF-1024x790.png\" alt=\"\" class=\"wp-image-198 size-full\" srcset=\"https:\/\/hebammejana-salzburg.at\/wp-content\/uploads\/2025\/10\/Geburtsvorbereitung2_DEF-1024x790.png 1024w, https:\/\/hebammejana-salzburg.at\/wp-content\/uploads\/2025\/10\/Geburtsvorbereitung2_DEF-300x231.png 300w, https:\/\/hebammejana-salzburg.at\/wp-content\/uploads\/2025\/10\/Geburtsvorbereitung2_DEF-768x592.png 768w, https:\/\/hebammejana-salzburg.at\/wp-content\/uploads\/2025\/10\/Geburtsvorbereitung2_DEF.png 1485w\" sizes=\"auto, (max-width: 1024px) 100vw, 1024px\" \/><\/figure><div class=\"wp-block-media-text__content\">\n<h2 class=\"wp-block-heading\">Geburtsvorbereitung privat zuhause<\/h2>\n\n\n\n<p>Wenn ihr euch lieber zuhause auf die Geburt vorbereiten wollt, einen geplanten Kaiserschnitt erwartet oder nur eine Auffrischung von vergangenen Kursen ben\u00f6tigt, dann bastle ich gerne f\u00fcr euch einen privaten Kurs zuhause. So kann ich auf eure pers\u00f6nliche Situation eingehen und nehme mir Zeit f\u00fcr eure Fragen. Ich plane daf\u00fcr 3 Stunden ein, diese l\u00e4sst sich flexibel verl\u00e4ngern oder verk\u00fcrzen.&nbsp;<\/p>\n\n\n\n<p><strong>Kosten: 100 \u20ac pro angefangener Stunde + 10 \u20ac Fahrtkostenpauschale*<\/strong><\/p>\n<\/div><\/div>\n\n\n\n<div style=\"height:58px\" aria-hidden=\"true\" class=\"wp-block-spacer\"><\/div>\n\n\n<div class=\"wp-block-image is-style-rounded\">\n<figure class=\"aligncenter is-resized\"><a href=\"https:\/\/jennyjanainessa.hebamio.at\/anmeldung\" target=\"_blank\" rel=\" noreferrer noopener\"><img loading=\"lazy\" decoding=\"async\" width=\"883\" height=\"140\" src=\"https:\/\/hebammejana-salzburg.at\/wp-content\/uploads\/2025\/09\/terminvereinbarung.png\" alt=\"Terminvereinbarung\" class=\"wp-image-131\" style=\"width:317px;height:auto\" srcset=\"https:\/\/hebammejana-salzburg.at\/wp-content\/uploads\/2025\/09\/terminvereinbarung.png 883w, https:\/\/hebammejana-salzburg.at\/wp-content\/uploads\/2025\/09\/terminvereinbarung-300x48.png 300w, https:\/\/hebammejana-salzburg.at\/wp-content\/uploads\/2025\/09\/terminvereinbarung-768x122.png 768w\" sizes=\"auto, (max-width: 883px) 100vw, 883px\" \/><\/a><figcaption class=\"wp-element-caption\">Hier kannst du einen Termin mit mir online buchen.<\/figcaption><\/figure>\n<\/div>\n\n\n<p><\/p>\n\n\n\n<div class=\"wp-block-media-text is-stacked-on-mobile\"><figure class=\"wp-block-media-text__media\"><img loading=\"lazy\" decoding=\"async\" width=\"900\" height=\"738\" src=\"https:\/\/hebammejana-salzburg.at\/wp-content\/uploads\/2025\/10\/Babymassage_DEF.png\" alt=\"\" class=\"wp-image-200 size-full\" srcset=\"https:\/\/hebammejana-salzburg.at\/wp-content\/uploads\/2025\/10\/Babymassage_DEF.png 900w, https:\/\/hebammejana-salzburg.at\/wp-content\/uploads\/2025\/10\/Babymassage_DEF-300x246.png 300w, https:\/\/hebammejana-salzburg.at\/wp-content\/uploads\/2025\/10\/Babymassage_DEF-768x630.png 768w\" sizes=\"auto, (max-width: 900px) 100vw, 900px\" \/><\/figure><div class=\"wp-block-media-text__content\">\n<h2 class=\"wp-block-heading\">Baby Massage&nbsp;<\/h2>\n\n\n\n<h3 class=\"wp-block-heading\">Ab 3. Lebensmonat&nbsp;<\/h3>\n\n\n\n<p>Eine Bezugsperson f\u00fcr das Baby (meist Mama oder Papa)&nbsp;<\/p>\n\n\n\n<p>Mit ruhigen, achtsamen Ber\u00fchrungen schenkt ihr dem Baby Geborgenheit, W\u00e4rme und Vertrauen. In meinem Massagekurs lernt ihr mittels der traditionellen Massagetechnik von Fr\u00e9d\u00e9rick Leboyer wie ihr die Entspannung, den Schlaf und das Wohlbefinden des Babys f\u00f6rdern k\u00f6nnt. Zus\u00e4tzlich zeige ich euch, wie ihr mit gezielten Handgriffen die Verdauung eures Babys unterst\u00fctzt und Bl\u00e4hungen lindern k\u00f6nnt. Nicht nur bei eurem Kind wird w\u00e4hrend der Massage das Hormon Oxytocin ausgesch\u00fcttet, sondern auch bei euch. So wird die Beziehung zwischen euch und eurem Kind gef\u00f6rdert.&nbsp;<\/p>\n\n\n\n<p><strong>Preise<\/strong>:&nbsp;<br><strong>4 Wochen Kurs: 4 Termine zu je 60 min \u20ac 120 (inkl. \u00d6l und Kursunterlagen)<\/strong><\/p>\n\n\n\n<p><strong>6 Wochen Kurs: 6 Termine zu je 60 min \u20ac 190 (inkl. \u00d6l und Kursunterlagen)<\/strong><\/p>\n\n\n\n<p>Bitte bring folgendes mit:&nbsp;<br>ein Handtuch und 1-2 Stoffwindeln f\u00fcr dein Baby, Wickelunterlage, bequeme Kleidung<\/p>\n\n\n\n<p>Du m\u00f6chtest gemeinsam mit Freunden einen privaten Kurs? Melde dich gerne bei mir!<br><\/p>\n\n\n\n<h2 class=\"wp-block-heading\">Baby Massage einzeln<\/h2>\n\n\n\n<h3 class=\"wp-block-heading\">Ab 3. Lebensmonat<\/h3>\n\n\n\n<p>Du m\u00f6chtest dich lieber alleine Zuhause auf dein Baby konzentrieren und keine Gruppe besuchen. Dann ist mein privater Babymassage Kurs das richtige f\u00fcr dich. Im Rahmen eines privaten Hausbesuches oder online zeige ich dir die Babymassage nach Fr\u00e9d\u00e9rick Leboyer. Melde dich gerne f\u00fcr einen privaten Termin bei mir.&nbsp;<\/p>\n\n\n\n<p><strong>Preis: \u20ac 100 (60min)&nbsp;<\/strong><\/p>\n<\/div><\/div>\n\n\n<div class=\"wp-block-image is-style-rounded\">\n<figure class=\"aligncenter is-resized\"><a href=\"https:\/\/jennyjanainessa.hebamio.at\/anmeldung\" target=\"_blank\" rel=\" noreferrer noopener\"><img loading=\"lazy\" decoding=\"async\" width=\"883\" height=\"140\" src=\"https:\/\/hebammejana-salzburg.at\/wp-content\/uploads\/2025\/09\/terminvereinbarung.png\" alt=\"Terminvereinbarung\" class=\"wp-image-131\" style=\"width:317px;height:auto\" srcset=\"https:\/\/hebammejana-salzburg.at\/wp-content\/uploads\/2025\/09\/terminvereinbarung.png 883w, https:\/\/hebammejana-salzburg.at\/wp-content\/uploads\/2025\/09\/terminvereinbarung-300x48.png 300w, https:\/\/hebammejana-salzburg.at\/wp-content\/uploads\/2025\/09\/terminvereinbarung-768x122.png 768w\" sizes=\"auto, (max-width: 883px) 100vw, 883px\" \/><\/a><figcaption class=\"wp-element-caption\">Hier kannst du einen Termin mit mir online buchen.<\/figcaption><\/figure>\n<\/div>\n\n\n<div class=\"wp-block-media-text is-stacked-on-mobile\"><figure class=\"wp-block-media-text__media\"><img loading=\"lazy\" decoding=\"async\" width=\"600\" height=\"786\" src=\"https:\/\/hebammejana-salzburg.at\/wp-content\/uploads\/2025\/10\/Wochenbettbetreuung02_DEF.png\" alt=\"\" class=\"wp-image-202 size-full\" srcset=\"https:\/\/hebammejana-salzburg.at\/wp-content\/uploads\/2025\/10\/Wochenbettbetreuung02_DEF.png 600w, https:\/\/hebammejana-salzburg.at\/wp-content\/uploads\/2025\/10\/Wochenbettbetreuung02_DEF-229x300.png 229w\" sizes=\"auto, (max-width: 600px) 100vw, 600px\" \/><\/figure><div class=\"wp-block-media-text__content\">\n<h2 class=\"wp-block-heading\">Wochenbettbetreuung in Salzburg<\/h2>\n\n\n\n<p>F\u00fcr den Start in die gemeinsame Zeit mit eurem Baby, stehe ich euch im Rahmen der Wochenbettbetreuung zu Seite. Sowohl Mutter als auch Neugeborenes m\u00fcssen sich in den ersten Wochen aufeinander einstellen und in der Welt ankommen. Dabei unterst\u00fctze ich die k\u00f6rperliche Umstellung, biete Stillberatung und beantworte eure Fragen. Es ist mir ein Anliegen euch als Familie so gut wie m\u00f6glich zu st\u00e4rken. Ich freue mich darauf euch durch diese Kennenlernphase begleiten zu d\u00fcrfen!<\/p>\n\n\n\n<p><strong>Preis: \u20ac 80 pro Hausbesuch, zus\u00e4tzlich Fahrtkostenpauschale* einmalig \u20ac 10 und bei Bedarf Materialpauschale \u20ac 5<\/strong><br><br><\/p>\n\n\n\n<p><\/p>\n<\/div><\/div>\n\n\n\n<div style=\"height:47px\" aria-hidden=\"true\" class=\"wp-block-spacer\"><\/div>\n\n\n<div class=\"wp-block-image is-style-rounded\">\n<figure class=\"aligncenter is-resized\"><a href=\"https:\/\/jennyjanainessa.hebamio.at\/anmeldung\" target=\"_blank\" rel=\" noreferrer noopener\"><img loading=\"lazy\" decoding=\"async\" width=\"883\" height=\"140\" src=\"https:\/\/hebammejana-salzburg.at\/wp-content\/uploads\/2025\/09\/terminvereinbarung.png\" alt=\"Terminvereinbarung\" class=\"wp-image-131\" style=\"width:317px;height:auto\" srcset=\"https:\/\/hebammejana-salzburg.at\/wp-content\/uploads\/2025\/09\/terminvereinbarung.png 883w, https:\/\/hebammejana-salzburg.at\/wp-content\/uploads\/2025\/09\/terminvereinbarung-300x48.png 300w, https:\/\/hebammejana-salzburg.at\/wp-content\/uploads\/2025\/09\/terminvereinbarung-768x122.png 768w\" sizes=\"auto, (max-width: 883px) 100vw, 883px\" \/><\/a><figcaption class=\"wp-element-caption\">Hier kannst du einen Termin mit mir online buchen.<\/figcaption><\/figure>\n<\/div>\n\n\n<div class=\"wp-block-media-text has-media-on-the-right is-stacked-on-mobile\"><div class=\"wp-block-media-text__content\">\n<h2 class=\"wp-block-heading\">K-Taping<\/h2>\n\n\n\n<p>W\u00e4hrend der Schwangerschaft und Stillzeit macht sich der K\u00f6rper h\u00e4ufig bemerkbar. Manchmal etwas zu sehr. Mit Kinesiologietaping (K-Taping) k\u00f6nnen Beschwerden (R\u00fcckenschmerzen, Wassereinlagerungen oder das schwere ziehen des Bauches) gelindert werden. Dabei st\u00fctzen die Tapes deine Muskulatur und f\u00f6rdern die Durchblutung. Je nach Beschwerden werden sie von mir individuell auf dich abgestimmt.&nbsp;<\/p>\n\n\n\n<p>Dauer<\/p>\n\n\n\n<p>Kosten: 35\u20ac&nbsp;<\/p>\n<\/div><figure class=\"wp-block-media-text__media\"><img loading=\"lazy\" decoding=\"async\" width=\"1024\" height=\"783\" src=\"https:\/\/hebammejana-salzburg.at\/wp-content\/uploads\/2025\/10\/Taping-IMG_1830-2-DEF-1024x783.png\" alt=\"\" class=\"wp-image-205 size-full\" srcset=\"https:\/\/hebammejana-salzburg.at\/wp-content\/uploads\/2025\/10\/Taping-IMG_1830-2-DEF-1024x783.png 1024w, https:\/\/hebammejana-salzburg.at\/wp-content\/uploads\/2025\/10\/Taping-IMG_1830-2-DEF-300x229.png 300w, https:\/\/hebammejana-salzburg.at\/wp-content\/uploads\/2025\/10\/Taping-IMG_1830-2-DEF-768x587.png 768w, https:\/\/hebammejana-salzburg.at\/wp-content\/uploads\/2025\/10\/Taping-IMG_1830-2-DEF-1536x1174.png 1536w, https:\/\/hebammejana-salzburg.at\/wp-content\/uploads\/2025\/10\/Taping-IMG_1830-2-DEF-2048x1565.png 2048w\" sizes=\"auto, (max-width: 1024px) 100vw, 1024px\" \/><\/figure><\/div>\n\n\n\n<div style=\"height:50px\" aria-hidden=\"true\" class=\"wp-block-spacer\"><\/div>\n\n\n<div class=\"wp-block-image is-style-rounded\">\n<figure class=\"aligncenter is-resized\"><a href=\"https:\/\/jennyjanainessa.hebamio.at\/anmeldung\" target=\"_blank\" rel=\" noreferrer noopener\"><img loading=\"lazy\" decoding=\"async\" width=\"883\" height=\"140\" src=\"https:\/\/hebammejana-salzburg.at\/wp-content\/uploads\/2025\/09\/terminvereinbarung.png\" alt=\"Terminvereinbarung\" class=\"wp-image-131\" style=\"width:317px;height:auto\" srcset=\"https:\/\/hebammejana-salzburg.at\/wp-content\/uploads\/2025\/09\/terminvereinbarung.png 883w, https:\/\/hebammejana-salzburg.at\/wp-content\/uploads\/2025\/09\/terminvereinbarung-300x48.png 300w, https:\/\/hebammejana-salzburg.at\/wp-content\/uploads\/2025\/09\/terminvereinbarung-768x122.png 768w\" sizes=\"auto, (max-width: 883px) 100vw, 883px\" \/><\/a><figcaption class=\"wp-element-caption\">Hier kannst du einen Termin mit mir online buchen.<\/figcaption><\/figure>\n<\/div>\n\n\n<p>*Fahrtkostenpauschale innerhalb des Einzugsgebietes, bei weiterer Entfernung wird diese entsprechend erh\u00f6ht<\/p>\n\n\n\n<div class=\"btt\">\n\t\t\t\t\t\t<a class=\"back-to-top\" href=\"#page\" title=\"Zur\u00fcck nach oben\"><i class=\"fa fa-angle-double-up fa-3x wow flash\" data-wow-duration=\"2s\"><\/i><\/a>\n\t\t\t\t\t<\/div>\n\n\n\n<figure class=\"wp-block-image alignfull size-full ticss-50d81418 is-style-default\" id=\"KONTAKT\"><img loading=\"lazy\" decoding=\"async\" width=\"1600\" height=\"200\" src=\"https:\/\/hebammejana-salzburg.at\/wp-content\/uploads\/2025\/09\/jana-trenner.png\" alt=\"\" class=\"wp-image-95\" srcset=\"https:\/\/hebammejana-salzburg.at\/wp-content\/uploads\/2025\/09\/jana-trenner.png 1600w, https:\/\/hebammejana-salzburg.at\/wp-content\/uploads\/2025\/09\/jana-trenner-300x38.png 300w, https:\/\/hebammejana-salzburg.at\/wp-content\/uploads\/2025\/09\/jana-trenner-1024x128.png 1024w, https:\/\/hebammejana-salzburg.at\/wp-content\/uploads\/2025\/09\/jana-trenner-768x96.png 768w, https:\/\/hebammejana-salzburg.at\/wp-content\/uploads\/2025\/09\/jana-trenner-1536x192.png 1536w\" sizes=\"auto, (max-width: 1600px) 100vw, 1600px\" \/><\/figure>\n\n\n\n<div style=\"height:100px\" aria-hidden=\"true\" class=\"wp-block-spacer\"><\/div>\n\n\n\n<h2 class=\"wp-block-heading\">Kontaktinformationen<\/h2>\n\n\n\n<h4 class=\"wp-block-heading\"><strong>+43&nbsp;670&nbsp;194 5220<\/strong><\/h4>\n\n\n\n<h4 class=\"wp-block-heading\"><a href=\"mailto:office@hebammejana-salzburg.at\"><strong>office@hebammejana-salzburg.at<\/strong><\/a><br><br><\/h4>\n\n\n\n<h5 class=\"wp-block-heading\"><a href=\"https:\/\/hebammejana-salzburg.at\/?page_id=237\">Meine AGBs<\/a><\/h5>\n\n\n\n<p><\/p>\n","protected":false},"excerpt":{"rendered":"<p>F\u00dcR \u00d6STERREICH: F\u00dcR DEUTSCHLAND: Leistungen Schwangerschaftsvorsorge Eltern-Kind-Pass Gespr\u00e4ch (kostenlos) Zwischen der 18. und 22. Schwangerschaftswoche nehme ich mir im Rahmen des Mutter-Kind-Pass Hebammengespr\u00e4chs\/Eltern-Kind-Pass-Gespr\u00e4chs gerne Zeit f\u00fcr euch. Dieses wird von &#8230;<\/p>\n","protected":false},"author":1,"featured_media":0,"parent":0,"menu_order":0,"comment_status":"closed","ping_status":"closed","template":"","meta":{"_themeisle_gutenberg_block_has_review":false,"footnotes":""},"class_list":["post-47","page","type-page","status-publish","hentry"],"_links":{"self":[{"href":"https:\/\/hebammejana-salzburg.at\/index.php?rest_route=\/wp\/v2\/pages\/47","targetHints":{"allow":["GET"]}}],"collection":[{"href":"https:\/\/hebammejana-salzburg.at\/index.php?rest_route=\/wp\/v2\/pages"}],"about":[{"href":"https:\/\/hebammejana-salzburg.at\/index.php?rest_route=\/wp\/v2\/types\/page"}],"author":[{"embeddable":true,"href":"https:\/\/hebammejana-salzburg.at\/index.php?rest_route=\/wp\/v2\/users\/1"}],"replies":[{"embeddable":true,"href":"https:\/\/hebammejana-salzburg.at\/index.php?rest_route=%2Fwp%2Fv2%2Fcomments&post=47"}],"version-history":[{"count":71,"href":"https:\/\/hebammejana-salzburg.at\/index.php?rest_route=\/wp\/v2\/pages\/47\/revisions"}],"predecessor-version":[{"id":263,"href":"https:\/\/hebammejana-salzburg.at\/index.php?rest_route=\/wp\/v2\/pages\/47\/revisions\/263"}],"wp:attachment":[{"href":"https:\/\/hebammejana-salzburg.at\/index.php?rest_route=%2Fwp%2Fv2%2Fmedia&parent=47"}],"curies":[{"name":"wp","href":"https:\/\/api.w.org\/{rel}","templated":true}]}}